4143853 composite?
True
Is 43576981453 a composite number?
False
Is 659237381 composite?
True
Is 26548025159 prime?
True
Is 1872992389 a prime number?
True
Is 3666362801 a prime number?
True
Is 893798011 a composite number?
True
Is 500878397 a prime number?
False
Is 23162876207 a prime number?
False
Is 2112988858 prime?
False
Is 4467526607 composite?
True
Is 21441243743 prime?
False
Is 10033273913 prime?
False
Is 616510507 a prime number?
False
Is 2878735183 a composite number?
False
Is 5390150791 prime?
False
Is 4110266423 a prime number?
False
Is 500412281 composite?
True
Is 888159631 a prime number?
False
Is 1891689519 composite?
True
Is 13628123221 composite?
False
Is 22109860117 a composite number?
False
Is 25880442671 composite?
True
Is 53181712679 prime?
True
Is 701208901 a composite number?
True
Is 436313741 a prime number?
True
Is 2921879699 a composite number?
False
Is 6621129877 a composite number?
False
Is 25896816271 a composite number?
True
Is 1114772129 a prime number?
True
Is 2089757119 a composite number?
True
Is 6494010277 composite?
False
Is 88090383059 a composite number?
True
Is 426001001 a prime number?
True
Is 1021648441 a composite number?
True
Is 11866221002 composite?
True
Is 152878743443 composite?
False
Is 6367950497 a composite number?
True
Is 4568730919 prime?
False
Is 78689447563 a prime number?
True
Is 310482769 a prime number?
True
Is 608506831 a composite number?
True
Is 5651258513 composite?
False
Is 105578787 a composite number?
True
Is 890597891 composite?
False
Is 2040500281 composite?
False
Is 34023877661 a composite number?
True
Is 103849694903 prime?
True
Is 7799715181 a prime number?
False
Is 1290361951 prime?
True
Is 246625199 a composite number?
False
Is 26631851 a prime number?
True
Is 18772221079 composite?
True
Is 913115639 composite?
False
Is 382923313 composite?
True
Is 11023074823 composite?
False
Is 447376361 a prime number?
False
Is 3692348579 a prime number?
True
Is 807319127 prime?
False
Is 555585031 a prime number?
True
Is 10567068323 a composite number?
True
Is 724401917 prime?
False
Is 669161267 prime?
True
Is 539389561 prime?
True
Is 2649392377 a composite number?
True
Is 13524483517 a prime number?
True
Is 179579797 composite?
True
Is 4509005201 prime?
True
Is 3906718499 composite?
True
Is 6074204083 prime?
True
Is 3043131967 a composite number?
True
Is 556894049 a prime number?
True
Is 875269883 a composite number?
False
Is 73416957919 a composite number?
False
Is 1491193621 composite?
True
Is 9259294691 composite?
True
Is 9928882111 a composite number?
False
Is 46833036487 prime?
True
Is 181090259 composite?
True
Is 4523081249 prime?
False
Is 104795969 composite?
False
Is 1241440987 a composite number?
True
Is 7030044817 a composite number?
False
Is 3597896299 composite?
False
Is 3860752957 prime?
True
Is 1028888557 prime?
True
Is 1934543453 a composite number?
True
Is 371177341 prime?
True
Is 28736093 prime?
False
Is 4487550223 a prime number?
False
Is 13812655171 prime?
False
Is 126011923 composite?
True
Is 1470033407 a prime number?
False
Is 6590644477 prime?
True
Is 8928427979 prime?
False
Is 30908268101 a composite number?
False
Is 6459601139 composite?
False
Is 153200088749 a composite number?
True
Is 34688871703 a composite number?
False
Is 1246477627 prime?
True
Is 11114160047 prime?
True
Is 4617269873 prime?
True
Is 19094720639 prime?
True
Is 26271221633 a prime number?
False
Is 66422118079 prime?
True
Is 2372528234 composite?
True
Is 5948589587 a prime number?
True
Is 8763127223 prime?
True
Is 536634799 composite?
False
Is 1427425513 a composite number?
True
Is 17530722617 composite?
True
Is 2040681791 prime?
True
Is 75073684577 composite?
False
Is 8699543683 composite?
True
Is 286918991 composite?
True
Is 168499937 a prime number?
False
Is 5543551102 a composite number?
True
Is 14300925311 a prime number?
True
Is 14567008217 a composite number?
True
Is 649224799 composite?
False
Is 46298099409 prime?
False
Is 32371949 prime?
True
Is 12658721 prime?
True
Is 37539865361 a prime number?
False
Is 77963749027 prime?
True
Is 56060671 prime?
True
Is 266076143 a composite number?
False
Is 3955101977 a composite number?
False
Is 444407461 composite?
False
Is 293552011 composite?
False
Is 2355965389 composite?
False
Is 144310093 a composite number?
True
Is 13693454 composite?
True
Is 30301223837 prime?
False
Is 352168139 a composite number?
False
Is 31328394355 a composite number?
True
Is 128971654651 a composite number?
True
Is 1468510487 prime?
False
Is 50765964287 a composite number?
True
Is 654019973 a prime number?
False
Is 2936128589 prime?
False
Is 11589085159 a prime number?
True
Is 8382330209 composite?
True
Is 445337587 composite?
True
Is 929799907 prime?
False
Is 2782271381 a prime number?
True
Is 86560759 a composite number?
False
Is 26014947622 a prime number?
False
Is 4638890537 a prime number?
False
Is 1582504037 a composite number?
False
Is 593633927 a prime number?
False
Is 83049898741 a composite number?
True
Is 205436123 prime?
True
Is 1325917871 prime?
True
Is 281194337 a composite number?
False
Is 3995099671 composite?
True
Is 17181401813 a composite number?
True
Is 34511960773 a prime number?
True
Is 22061061839 a prime number?
False
Is 16768814389 a prime number?
True
Is 13123664689 prime?
True
Is 6685040387 a prime number?
True
Is 1219647053 composite?
False
Is 201176440297 prime?
False
Is 55763599589 a composite number?
False
Is 591608519 a composite number?
True
Is 1088253319 a composite number?
False
Is 215458351 a prime number?
False
Is 66143676889 prime?
True
Is 1992257823 a prime number?
False
Is 31452284953 prime?
False
Is 1191221287 composite?
False
Is 26239546093 prime?
True
Is 549588577 prime?
False
Is 100737071 a composite number?
False
Is 50299773193 a composite number?
False
Is 4536575279 a prime number?
True
Is 145027033 a composite number?
False
Is 2817054371 composite?
True
Is 135043280413 a composite number?
True
Is 3167146781 prime?
True
Is 37804481743 composite?
True
Is 131907889 a prime number?
True
Is 21665746463 a prime number?
False
Is 4552825081 a composite number?
True
Is 13104430727 composite?
True
Is 16401389 a prime number?
False
Is 460053353 composite?
False
Is 1095458729 prime?
False
Is 6256308031 prime?
True
Is 1073907773 a prime number?
True
Is 5572056481 a composite number?
True
Is 842977069 a composite number?
True
Is 276656047991 a prime number?
True
Is 2407928557 a composite number?
True
Is 1196566619 a prime number?
False
Is 121606375299 a prime number?
False
Is 951811103 a prime number?
True
Is 543741239543 prime?
True
Is 2500221938 a prime number?
False
Is 10715824393 prime?
True
Is 3226533427 prime?
False
Is 178412215507 a prime number?
True
Is 6795617537 a prime number?
True
Is 3775461683 prime?
False
Is 7611606019 a prime number?
False
Is 5598986431 a composite number?
True
Is 3491559497 a composite number?
False
Is 351912549559 prime?
False
Is 495361858371 prime?
False
Is 2400800669 prime?
True
Is 26251321429 a prime number?
True
Is 1493566643 a composite number?
False
Is 254627734393 composite?
False
Is 23165873767 a composite number?
False
Is 191409191 a prime number?
True
Is 430672699 composite?
False
Is 22202772763 a prime number?
False
Is 1672147597 a composite number?
False
Is 21095129773 a composite number?
True
Is 29144849 a prime number?
False
Is 15523382123 composite?
True
Is 1802054551 a prime number?
False
Is 4276775839 a composite number?
True
Is 4058947597 a prime number?
False
Is 21094806979 a composite number?
False
Is 51352393163 a prime number?
True
Is 63738393701 composite?
False
Is 1323603557 a prime number?
False
Is 301099583 a composite number?
False
Is 1455440243 composite?
False
Is 40512188737 prime?
True
Is 16491181 prime?
False
Is 772494109 a prime number?
True
Is 2249711069 prime?
True
Is 1095654073 a prime number?
True
Is 4173208058 a prime number?
False
Is 163610397709 a prime number?
False
Is 7236045293 a prime number?
False
Is 149644279493 prime?
True
Is 1653748207 composite?
False
Is 459255451 a prime number?
True
Is 1395833987 prime?
True
Is 606355199 composite?
True
Is 2365408267 a prime number?
False
Is 126078972457 prime?
True
Is 22735837941 composite?
True
Is 784902659 a comp